{"id":229,"date":"2019-08-01T18:00:46","date_gmt":"2019-08-01T18:00:46","guid":{"rendered":"http:\/\/clubdeyatestampico.com\/?page_id=229"},"modified":"2019-08-01T18:12:56","modified_gmt":"2019-08-01T18:12:56","slug":"historico-de-campeones-robalo","status":"publish","type":"page","link":"https:\/\/clubdeyatestampico.com\/index.php\/historico-de-campeones-robalo\/","title":{"rendered":"HIST\u00d3RICO DE CAMPEONES ROBALO"},"content":{"rendered":"\n<table class=\"wp-block-table is-style-stripes\"><tbody><tr><td><strong>TORNEO<\/strong><\/td><td><strong>A\u00d1O\u00a0<\/strong><\/td><td><strong>PESO KG.<\/strong><\/td><td><strong>PESCADOR<\/strong><\/td><\/tr><tr><td>I<\/td><td>1962<\/td><td>4.900\u00a0<\/td><td>RA\u00daL NAVARRO\u00a0<\/td><\/tr><tr><td>II<\/td><td>1965<\/td><td>4.900\u00a0<\/td><td>SALVADOR MEZA\u00a0<\/td><\/tr><tr><td>III<\/td><td>1966<\/td><td>4.000\u00a0<\/td><td>\u00a0FRANCISCO RU\u00cdZ LEAL<\/td><\/tr><tr><td>IV<\/td><td>1967<\/td><td>7.500\u00a0<\/td><td>GALDINO VASQUEZ<\/td><\/tr><tr><td>V<\/td><td>1968<\/td><td>5.200<\/td><td>ALEJANDRO HAMELIUS<\/td><\/tr><tr><td>VI<\/td><td>1969<\/td><td>\u00a06.400<\/td><td>\u00a0VALENTIN HOLGUERA<\/td><\/tr><tr><td>VII<\/td><td>1970<\/td><td>5.160<\/td><td>CARLOS NU\u00d1EZ<\/td><\/tr><tr><td>VIII<\/td><td>1971<\/td><td>4.110<\/td><td>NO\u00c9 VARGAS<\/td><\/tr><tr><td>IX<\/td><td>1972<\/td><td>6.075<\/td><td>RA\u00daL NAVARRO<\/td><\/tr><tr><td>X<\/td><td>1973<\/td><td>11.200<\/td><td>THOMAS SELVIDGE<\/td><\/tr><tr><td>XI<\/td><td>1974<\/td><td>6.790<\/td><td>JORGE HURTADO<\/td><\/tr><tr><td>XII<\/td><td>1975<\/td><td>4.920<\/td><td>CARLOS FUENTES<\/td><\/tr><tr><td>XIII<\/td><td>1976<\/td><td>8.750<\/td><td>HERIBERTO FLORENCIA<\/td><\/tr><tr><td>XIV<\/td><td>1977<\/td><td>5.650<\/td><td>CARLOS GARZA<\/td><\/tr><tr><td>XV<\/td><td>1978<\/td><td>8.178<\/td><td>ALFREDO ELIZONDO<\/td><\/tr><tr><td>XVI<\/td><td>1979<\/td><td>8.650<\/td><td>ALBERTO ROCK ARAG\u00d3N<\/td><\/tr><tr><td>XVII<\/td><td>1980<\/td><td>6.375<\/td><td>ANTONIO FERN\u00c1NDEZ<\/td><\/tr><tr><td>XVIII<\/td><td>1981<\/td><td>7.600<\/td><td>OSCAR RODR\u00cdGUEZ<\/td><\/tr><tr><td>XIX<\/td><td>1982<\/td><td>6.250<\/td><td>ARNULFO RODR\u00cdGUEZ<\/td><\/tr><tr><td>XX<\/td><td>1983<\/td><td>&#8211;<\/td><td>&#8211;<\/td><\/tr><tr><td>XXI<\/td><td>1984<\/td><td>&#8211;<\/td><td>&#8211;<\/td><\/tr><tr><td>XXII<\/td><td>1985<\/td><td>&#8211;<\/td><td>&#8211;<\/td><\/tr><tr><td>XXIII<\/td><td>1986<\/td><td>8.600<\/td><td>JORGE RODR\u00cdGUEZ PINTO<\/td><\/tr><tr><td>XXIV<\/td><td>1987<\/td><td>5.425<\/td><td>JOS\u00c9 M. ARGUELLO<\/td><\/tr><tr><td>XXV<\/td><td>1988<\/td><td>&#8211;<\/td><td>&#8211;<\/td><\/tr><tr><td>XXVI<\/td><td>1989<\/td><td>4.500<\/td><td>EDUARDO SIGRIST R.<\/td><\/tr><tr><td>XXVII<\/td><td>1990<\/td><td>6.300<\/td><td>FRANCISCO ARIZABALO<\/td><\/tr><tr><td>XXVIII<\/td><td>1991<\/td><td>8.300<\/td><td>OSCAR DOSAL<\/td><\/tr><\/tbody><\/table>\n","protected":false},"excerpt":{"rendered":"<p>TORNEO A\u00d1O\u00a0 PESO KG. PESCADOR I 1962 4.900\u00a0 RA\u00daL NAVARRO\u00a0 II 1965 4.900\u00a0 SALVADOR MEZA\u00a0 III 1966 4.000\u00a0 \u00a0FRANCISCO RU\u00cdZ LEAL IV 1967 7.500\u00a0 GALDINO VASQUEZ V 1968 5.200 ALEJANDRO HAMELIUS VI 1969 \u00a06.400 \u00a0VALENTIN HOLGUERA VII 1970 5.160 CARLOS NU\u00d1EZ VIII 1971 4.110 NO\u00c9 VARGAS IX 1972 6.075 RA\u00daL NAVARRO X 1973 11.200 THOMAS [&hellip;]<\/p>\n","protected":false},"author":1,"featured_media":0,"parent":0,"menu_order":0,"comment_status":"closed","ping_status":"closed","template":"","meta":{"ngg_post_thumbnail":0,"footnotes":""},"_links":{"self":[{"href":"https:\/\/clubdeyatestampico.com\/index.php\/wp-json\/wp\/v2\/pages\/229"}],"collection":[{"href":"https:\/\/clubdeyatestampico.com\/index.php\/wp-json\/wp\/v2\/pages"}],"about":[{"href":"https:\/\/clubdeyatestampico.com\/index.php\/wp-json\/wp\/v2\/types\/page"}],"author":[{"embeddable":true,"href":"https:\/\/clubdeyatestampico.com\/index.php\/wp-json\/wp\/v2\/users\/1"}],"replies":[{"embeddable":true,"href":"https:\/\/clubdeyatestampico.com\/index.php\/wp-json\/wp\/v2\/comments?post=229"}],"version-history":[{"count":2,"href":"https:\/\/clubdeyatestampico.com\/index.php\/wp-json\/wp\/v2\/pages\/229\/revisions"}],"predecessor-version":[{"id":232,"href":"https:\/\/clubdeyatestampico.com\/index.php\/wp-json\/wp\/v2\/pages\/229\/revisions\/232"}],"wp:attachment":[{"href":"https:\/\/clubdeyatestampico.com\/index.php\/wp-json\/wp\/v2\/media?parent=229"}],"curies":[{"name":"wp","href":"https:\/\/api.w.org\/{rel}","templated":true}]}}